
True
Is 2919 a factor of 1818537?
True
Is 199 a factor of 469094368?
False
Does 25 divide 45430130?
False
Is 12173403 a multiple of 48?
False
Is 67274689 a multiple of 598?
False
Is 1788860545 a multiple of 95?
True
Is 5 a factor of 168746995?
True
Is 4119456 a multiple of 32?
True
Is 274571038 a multiple of 43?
False
Does 827 divide 1150022841?
False
Is 143734716 a multiple of 108?
True
Is 575509681 a multiple of 51?
False
Is 34503881 a multiple of 341?
False
Is 5040360 a multiple of 39?
True
Does 114 divide 1131499476?
True
Does 28 divide 4539500?
True
Does 2512 divide 352200844?
False
Is 63372060 a multiple of 155?
True
Does 15 divide 14274098?
False
Is 539113440 a multiple of 96?
True
Is 4479809 a multiple of 155?
False
Is 1924 a factor of 286914597?
False
Does 418 divide 22447868?
False
Does 2457 divide 124952129?
False
Is 149990969 a multiple of 601?
True
Does 25 divide 27386000?
True
Is 222219856 a multiple of 16?
True
Is 35004484 a multiple of 244?
True
Is 1684 a factor of 689171948?
True
Does 429 divide 197300961?
True
Does 37 divide 506497890?
False
Does 28 divide 1050537?
False
Is 460512 a multiple of 18?
True
Does 36 divide 85635324?
True
Does 602 divide 78645280?
True
Does 114 divide 3149110806?
True
Is 279 a factor of 35968083?
False
Is 35853454 a multiple of 203?
True
Is 7691274 a multiple of 16?
False
Is 39 a factor of 1870869?
True
Does 3 divide 30124433?
False
Is 1749301911 a multiple of 2631?
True
Is 1919 a factor of 111704990?
True
Does 89 divide 185600919?
False
Is 970 a factor of 1429198000?
True
Is 83805609 a multiple of 12?
False
Is 486030663 a multiple of 17?
True
Is 85404962 a multiple of 4?
False
Is 17 a factor of 10160630?
False
Is 378911419 a multiple of 875?
False
Is 151295470 a multiple of 10?
True
Does 32 divide 161048640?
True
Is 31100971 a multiple of 31?
False
Is 75 a factor of 14452872?
False
Is 2056352636 a multiple of 1226?
True
Is 63856943 a multiple of 44?
False
Is 1709996214 a multiple of 6?
True
Is 19411178 a multiple of 527?
False
Is 96770366 a multiple of 387?
False
Does 57 divide 21094958?
False
Does 14 divide 137077318?
True
Is 57668122 a multiple of 2042?
True
Is 62 a factor of 13330711?
False
Does 54 divide 2005525070?
False
Is 10 a factor of 34939870?
True
Is 472734369 a multiple of 291?
False
Is 2 a factor of 44906598?
True
Does 114 divide 628934700?
False
Is 102 a factor of 357888726?
True
Does 6 divide 33538422?
True
Is 6042480 a multiple of 1481?
True
Does 52 divide 389880452?
True
Does 1975 divide 88568875?
True
Is 700 a factor of 25078200?
True
Is 675232482 a multiple of 2126?
True
Is 109211371 a multiple of 128?
False
Does 15 divide 2089780125?
True
Is 1399646984 a multiple of 8?
True
Is 1411 a factor of 21980558?
True
Is 224 a factor of 1907603209?
False
Is 2137986 a multiple of 17?
False
Does 20 divide 411702602?
False
Is 5 a factor of 270571627?
False
Is 42 a factor of 13633496?
False
Is 55 a factor of 66640255?
True
Is 1812198110 a multiple of 84?
False
Is 5012 a factor of 2721089980?
True
Is 5 a factor of 19872774?
False
Is 714435510 a multiple of 1109?
False
Does 27 divide 4478850?
False
Is 17965863 a multiple of 9?
True
Is 2108 a factor of 207118316?
False
Does 1491 divide 1218418362?
True
Is 230 a factor of 84925430?
True
Is 73 a factor of 44061959?
False
Does 234 divide 236629101?
False
Is 195 a factor of 135181800?
True
Is 11 a factor of 10293107?
True
Is 27184520 a multiple of 341?
True
Does 613 divide 14271866?
True
Does 132 divide 894731246?
False
Is 8663400 a multiple of 827?
False
Is 387940474 a multiple of 154?
False
Is 88880569 a multiple of 19?
False
Does 141 divide 1264197258?
True
Is 2669 a factor of 886236112?
True
Is 246 a factor of 7054050?
True
Does 237 divide 33551379?
True
Does 1846 divide 113272406?
True
Is 219 a factor of 176535900?
True
Is 401 a factor of 7539330?
False
Does 9 divide 18127539?
True
Is 228253656 a multiple of 552?
True
Is 567 a factor of 37714005?
True
Does 398 divide 1061575774?
False
Is 1522 a factor of 387810090?
False
Does 18 divide 5406656418?
True
Does 31 divide 665341840?
True
Does 1519 divide 1657971791?
True
Is 1647 a factor of 910837116?
True
Does 17 divide 4503606?
True
Does 3 divide 768564?
True
Is 2238 a factor of 152383182?
True
Is 54859968 a multiple of 3232?
True
Is 546 a factor of 492321648?
True
Does 15 divide 372824085?
True
Is 138108750 a multiple of 78?
True
Is 208 a factor of 71552?
True
Does 1113 divide 895809180?
True
Is 1001 a factor of 699425727?
True
Is 174 a factor of 2811864012?
True
Is 178 a factor of 31139142?
True
Is 4005887657 a multiple of 440?
False
Is 243 a factor of 232729119?
True
Does 73 divide 3411867919?
False
Does 26 divide 2054809457?
False
Is 12055 a factor of 3155862693?
False
Does 8 divide 16191666?
False
Does 808 divide 77708592?
True
Is 17682080 a multiple of 520?
True
Is 196 a factor of 2040157411?
False
Is 15937974 a multiple of 26?
True
Does 2999 divide 47612124?
True
Is 44999136 a multiple of 104?
True
Is 3305 a factor of 477221542?
False
Does 1617 divide 245649251?
False
Is 104418873 a multiple of 226?
False
Is 2007 a factor of 624177?
True
Does 15 divide 16590?
True
Is 482058915 a multiple of 15?
True
Is 200 a factor of 360215600?
True
Is 13 a factor of 4083508?
True
Is 6559812 a multiple of 9?
True
Does 9 divide 955796472?
True
Does 27 divide 61372593?
True
Is 803 a factor of 312887344?
True
Is 16 a factor of 1387905312?
True
Is 9 a factor of 170195751?
True
Is 79657271 a multiple of 168?
False
Is 2242619563 a multiple of 2185?
False
Does 11 divide 155031123?
False
Does 265 divide 356362725?
True
Does 7490 divide 788457320?
True
Does 12 divide 924645204?
True
Does 25 divide 743430200?
True
Is 88 a factor of 702452833?
False
Is 9 a factor of 1365626649?
False
Is 68 a factor of 42863880?
False
Is 71 a factor of 210869899?
False
Does 5634 divide 443983204?
False
Is 91539630 a multiple of 45?
True
Is 193 a factor of 634785685?
True
Is 326779362 a multiple of 819?
True
Is 117499114 a multiple of 31?
True
Is 83738619 a multiple of 9?
True
Does 5 divide 310879250?
True
Is 24434381 a multiple of 956?
False
Is 20 a factor of 112705980?
True
Does 53 divide 321725229?
False
Is 2860228812 a multiple of 158?
True
Is 1864528 a multiple of 4?
True
Is 2218890824 a multiple of 37?
False
Is 1425 a factor of 404700?
True
Is 188149455 a multiple of 61?
False
Is 523 a factor of 29538517?
True
Does 19 divide 547333?
True
Does 14 divide 3788890196?
True
Is 24861152 a multiple of 1028?
True
Does 19 divide 29793452?
False
Is 15 a factor of 248577900?
True
Does 591 divide 49038225?
True
Is 41389449 a multiple of 41?
False
Does 3916 divide 106662031?
False
Is 251 a factor of 82157101?
False
Does 25 divide 9323624?
False
Is 10 a factor of 867027238?
False
Is 77738742 a multiple of 309?
False
Is 2256770153 a multiple of 42?
False
Does 18 divide 119853486?
True
Is 9 a factor of 541164951?
True
Is 48826335 a multiple of 15?
True
Is 56799793 a multiple of 586?
False
Does 2322 divide 74438676?
True
Does 5105 divide 180303495?
True
Does 8 divide 1748432?
True
Does 22 divide 265724701?
False
Does 626 divide 18406146?
False
Is 42 a factor of 79349844?
True
Is 198523367 a multiple of 692?
False
Does 6 divide 11859684?
True
Is 137 a factor of 61585062?
True
Is 59 a factor of 154319861?
False
Is 37 a factor of 1225737689?
False
Is 107 a factor of 207362958?
False
Is 40679365 a multiple of 82?
False
Is 10 a factor of 92787170?
True
Is 7 a factor of 890631352?
False
Does 13 divide 745867473?
True
Is 10751312 a multiple of 100?
False
Is 201 a factor of 1150044158?
False
Is 7 a factor of 4241663?
False
Is 33 a factor of 6605478?
True
Does 6432 divide 2575707525?
False
Is 1160405880 a multiple of 8994?
True
Is 82866630 a multiple of 462?
True
Is 3152402129 a multiple of 6?
False
Does 192 divide 186179136?
True
Is 2953 a factor of 8743833?
True
Does 744 divide 22194565?
False
Is 215 a factor of 1333188399?
False
Is 53 a factor of 313518691?
True
Does 1109 divide 1900767203?
False
Is 24 a factor of 269137656?
True
Does 1129 divide 409344917?
True
Does 10 divide 43698287?
False
Does 893 divide 5779405604?
False
Is 8 a factor of 17908203?
False
Does 7 divide 167507599?
True
Does 8 divide 189101206?
False
Is 24 a factor of 132988872